99)?
-12
What is the value of (127 - 124) + (4 - ((-4 - -2) + -1)) + -53?
-43
(2 - (1 + -98)) + 156 + (32 - 178)
109
What is 238 + -222 - (-1 + 32)?
-15
What is -3 + 0 + (17 - 41) + 46 + -18 - 8?
-7
What is 47 - 2 - (-1273 + 1319)?
-1
77 + (29 + -70 - 26)
10
What is (8 - (-2 + 4)) + ((-7 - -77) + -53 - -36)?
59
19 - (-12 + (1 + -10 - (-22 + 4)))
22
Evaluate 747 + -787 + 16 + (-4 - -3).
-25
-27 + 10 + 3 - (-6 + 25)
-33
What is the value of (2 - (1 - 1)) + 1 + 23 + -40 + -59?
-73
What is 16340 + -16357 + (3 - 1) + 2 + 2?
-11
Evaluate 22 + -68 + 13 + (-11 - -6).
-38
What is the value of -4 + 5 - (-16 + 9 - -6 - -28)?
-26
113 + (37 - 142) + 31 + -1
38
What is the value of 140 - (67 - (-64 + -6))?
3
What is the value of 11 - (-30 + 12 + 10 - (5 + -13 - -30))?
41
Evaluate 80 - (27 - (-266 - -136)).
-77
What is 160 + (-131 - 77) + 185?
137
What is (-58 - 4) + (-31 + 50 - 0)?
-43
Calculate -25 - (23 + (-92 - -40)).
4
Evaluate 24 - (18 + -30 + 3 + 20).
13
What is the value of (20 + -24 + -15 - -14) + 28 + 14?
37
Evaluate (2 - -47) + -2 + (-25 - -17) + 16 + -9.
46
Calculate 24 - ((-18 - -3 - -19) + 10 - 64).
74
Calculate 0 + 0 + (-5 - (4 + -3)) - (-271 - -271).
-6
(-1 - -3) + -39 + 15 - (-9 + 1 - -8)
-22
Calculate -34 - -1 - (-26 - (108 - 80)).
21
Evaluate (23 - ((8 - 8) + 4 - -9)) + -66.
-56
4 - ((18 - 18 - -2) + 27)
-25
What is the value of 3 + 8 + (5 + 11 + 5 - 34) + -11?
-13
(-18 - (-15 + 37)) + -21
-61
Evaluate 20 - (12 - (-1 + (9 - -26))).
42
16 + -1 + (-95 - -38 - -45)
3
-72 + (-2 - -2) - (-22 + (13 - 9) + 8)
-62
11 - ((-96 + 111 - 94) + 1 + 9 + -1)
81
Evaluate -16 - ((4 - (-3 + 1)) + -2570 + 2546).
2
What is (2 - 1) + (-9 - 12) + 6?
-14
What is 12 + -13 + -17 + 6 + 9 + 9 + 19?
25
What is 16 + ((-11 - 30) + 19 - -41)?
35
What is the value of -1 + (0 - (-2 - 0)) - (-4989 + 5030)?
-40
What is (69 - 51) + (-39 - -51)?
30
8 - (-13 + (31 - 38))
28
What is 126 - 170 - (6 - 33) - (-34 - 0)?
17
Evaluate 18 + (3 - (-2 - 6)).
29
27 - (-42 - -18 - -74)
-23
What is -92 + 187 + -41 + 7?
61
What is the value of 1 - 54 - (6035 - 6158)?
70
Evaluate 46 + (-121 + -25 - -64).
-36
Calculate 7 + -14 + (8 - -8 - 23) + -20.
-34
26 + -44 + (42 - 0) - 35
-11
What is the value of (-45 - (-11 + 0 + -4)) + (2 - 11 - -6)?
-33
Evaluate (-463 - -865) + -369 + (4 - -1 - 0).
38
What is the value of 9 + (-37 - (16 - 53) - (2 + 7)) + -98?
-98
Calculate (-32 - -62) + -19 + 3.
14
What is the value of (-14 - (-4 - 15 - -12)) + 31 + 3?
27
Evaluate (-46 - -113 - 48) + (4 - 45).
-22
Evaluate 4 + -84 + (149 - 58).
11
Evaluate -11 - (-62 + (8 + 8 - (-1 - (-8 - 4)))).
46
What is (-2 - 4) + -80 + -209 + 232?
-63
-26 - (197 - (-9 + 75))
-157
Calculate -8 - (-69 + 2 + -1 + -82 + 103).
39
What is (44 - 5) + ((-30 - -1) + 129 + -109 - -5)?
35
Evaluate (-3 - -5) + (57 + 32 + -23 - 21).
47
What is the value of 364 + -367 + (-30 + -1 - (9 - 12))?
-31
(2 - (23 - (34 - 11 - 73))) + -11
-82
What is the value of -23 + -4 + (16 - -6 - 28) - 15?
-48
-55 + 99 - (7 + 1)
36
Evaluate (8 + 0 + -11 - -10) + -27 + -21.
-41
What is (0 + 0 - (-14 - -7)) + (-32 - -20)?
-5
What is -8 - (13 + (-28 - (-16 - -5)) - 0)?
-4
What is the value of 0 + -66 + (-33 - ((41 - 60) + -15))?
-65
Evaluate -17 + -4 + 8 + 0 + (-121 - -60).
-74
16 - (-9 + -12 + (-1 - -28))
10
(2 - (-7 - 1) - -29) + -8 + -14
17
What is 9 + 31 + -17 + -5 + (-6 - 0)?
12
What is (0 - 6) + (-3 - 8 - (95 + -83))?
-29
Calculate (-2 - 80) + -36 + 35 + 18.
-65
Evaluate 24 + 10 + (-9 - -11) + -25 - -3.
14
Calculate -6 - (19 - (19 - 4)) - (-83 + -2 + 2).
73
What is the value of -647 + 677 + (-39 - (9 - 2))?
-16
-5 - (-30 - (14 + -27 + -3)) - -56
65
What is the value of 74 + -13 + 9 - (-14 + 39)?
45
Calculate (1 - -1) + -14 + (305 - (245 + -1)).
49
What is the value of 5 - ((19 - -1) + -18 + 16 + -45)?
32
What is the value of 672 + -656 + (-34 - -3)?
-15
What is 12 + (0 - (8 - 2)) + 10 + -7 + -7?
2
(-8 - -1) + (-23 + -1 - (-34 + (-26 - -66)))
-37
What is (-1 - 5 - (-12 + 5)) + -3 + -9?
-11
Calculate (4 - (-10 - (8 - 15))) + (62 - 105).
-36
Calculate 15 + -10 + -11 + (-96 - -95) - (-1 + 106).
-112
Calculate (0 - -18) + -15 + 3.
6
What is -44 + (80 + -34 - 56)?
-54
74 + (-120 - 36) - -158
76
Calculate (2 - (6 - -1)) + (-754 - -758) + 29.
28
0 + -14 + -90 + (124 - 23) + 70
67
What is the value of -31 - (31 + 2 - (49 - 26))?
-41
-66 + 10 + 73 + -37
-20
Calculate -63 + -189 + 270 + (1 - 155).
-136
What is the value of 32 + (-23 - -4) - (-6 + -11)?
30
-50 + (6 + 10 + 9 - 44)
-69
What is the value of 15 - -3 - (-12 + 0 - (14 - (-25 - -54)))?
15
Evaluate (207 - 57 - 47) + -144.
-41
What is -4 + -10 + (33 - 7 - 11)?
1
What is 22 + (19 - -3 - 22 - -26)?
48
0 + -35 + -80 + -59 + 61
-113
Calculate (0 - -30) + (47 - (103 - -19)).
-45
-49 - (94 + -104) - 48
-87
What is the value of -14 + (72 - -2 - 4 - (-10 + -1))?
67
35 + (8 - (-2 + -7 - -28))
24
Evaluate -2 + (-7 - (9 + -8)) + (1 - 10) + 75.
56
What is 2 + 45 + (-2905 - -2805)?
-53
What is the value of -2 + 2 + -102 + 144 + 4 + 0 + -2?
44
-29 + (28 + -24 - -24) - (0 + -14)
13
1 + 98 + (-6 + 5 - 49 - -58)
107
-34 + (35 + -4 - (99 - 162))
60
Evaluate (527 - 634) + -5 + 86.
-26
-57 - (-29 - -46 - (9 - 0)) - 9
-74
What is -59 + 0 - (51 + -69 - (-30 + 0) - 17)?
-54
Calculate (-34 - -60) + -58 + 20 + 106.
94
0 + 5 + -1 + -323 + (223 - -89)
-7
-13 - 33 - 86 - -60
-72
2 - ((-18 - -9) + 0 + 22 + -28 + -23)
40
What is 2275 - 2195 - (-1 + 3 + 1)?
77
Evaluate 10 - ((-5 - -7) + (3 - -4) - 10).
11
Calculate 5 - (-13 + -8 + -4 - (-4 + -5)).
21
What is the value of -16 + -25 + 15 + 27 - -33?
34
What is 23 + (8 - (29 - (-11 - -37)))?
28
Calculate (24796 - 24598) + (-1 - 112).
85
What is the value of -13 + (-9 + 10 + 10 - 9) + -18?
-29
What is -20 + 95 + -43 + -51?
-19
-66 - -63 - (-4 + (7 - (-6 + -24)))
-36
What is the value of -57 + (-23 - 24) + -7 + 36?
-75
-53 + (1211 - 1223) + -21 + 2
-84
Calculate (466 - 501) + (18 - 2) - 31.
-50
-387 - -365 - (-9 - 0)
-13
Evaluate 11 + (-9 + -5 - (46 + (-13 - -4))).
-40
Calculate -23 - (-72 - (-92 + 105)).
62
What is the value of (366 - 358) + -72 + -12?
-76
Evaluate -11 + 12 - -3 - -61 - (-10 - 15 - -14).
76
What is (119 - 122) + (7 - 0) + -1 - 5 - -27?
25
What is 1 + 8 + (-16 - 6) + (55 - -4)?
46
What is -47 + -30 - -107 - (-4 + 7)?
27
-59 - (28 - 76) - 113
-124
What is 5 - ((26 - 49) + 34)?
-6
What is the value of 37 + (51 - (-63 - -157))?
-6
-30 + -11 + (-11 - -7 - -4)
-41
Evaluate (-40 - 8 - 6) + 14 + (8 - 8).
-40
10 + -11 + 87 + (-17 + 7 - (-29 + 11))
94
2295 + -2255 - (-1 + 6)
35
What is -20 + (12 - 9) + (-5 - -1) + (126 - 122)?
-17
What is -13 - (-9 + -1 - (37 - (51 - 15)))?
-2
What is 12 + 2 - ((34 - -32) + -51)?
-1
177 + -122 + (-6 - (3 - 11)) + (3 - 1)
59
(-4 - -79) + (2642 - 2697)
20
What is (69 - (2 + -1)) + (2 - 22) + (-67 - -79)?
60
Calculate 2 - (15 + 5 - 44).
26
What is -4 - ((-13 - -6) + (-2 - 6) + 12) - 67?
-68
Evaluate -3 + -23 + 8 + 13 - 13.
-18
What is the value of 46 - (128 - 5) - -128?
51
Evaluate 31 - (33 + 13 + -21 + -5).
11
What is 7 + -7 - (-7 + 0 - (-285 + 299))?
21
Calculate 15 + 1 + (148 - 211).
-47
Calculate -26 + (-34 - 4 - (-39 + 24)).
-49
What is (5 - -2) + (-33 - (-1 + -16))?
-9
Evaluate 2 - (62 + (67 - 9) - (14 - 0)).
-104
What is 10 + 45 + -27 + -44 - -50?
34
What is the value of (-1 - 25) + 14 - (2 + -9) - -11 - -6?
12
What is the value of -94 + (-42 + 65 - (10 + 0 + 1) - 6)?
-88
Calculate (-55 - -10) + -89 + 46.
-88
5 - (4 + -13 + -15 - -9)
20
What is -4 - (5 - (6 - -15) - -4) - (33 - -6)?
-31
-4 + (-18 - (8 + (0 - (-6 + 7)) - 4))
-25
Evaluate -35 + 13 + -27 + -4.
-53
Evaluate -641 + 754 - (68 - 2).
47
Evaluate 22 - (2 + (-26 - -25)).
21
Evaluate 8 + -20 + -6 + 12 + 7 + 29.
30
(54 - 19) + -39 - -48
44
What is the value of -14 + (52 - (-13 + 28)) + 40?
63
-128 - (-38 + 3 - -36 - 26)
-103
What is the value of 16 + -13 + -10 + 60 + 19?
72
What is the value of 34 - 116 - (-11 + (1 - -14))?
-86
What is the value of 37 - ((16 - -14) + 32)?
-25
What is 1 + 26 + -17 + -30 + 12?
-8
What is the value of -99 + 142 + -21 - 14?
8
Calculate (93 - 128) + 66 - -24.
55
What is the value of 2208 + -2144 - (23 + -2)?
43
(-5 - (31 + -65 + 24)) + 0 + 42 + -1
46
-6 + 44 + -13 + (17 + -11 - 8)
23
8 - (-25 - (-5 - -16))
44
What is the value of 68 + -2 + 10 + 2 + 1 + -8 + 8?
79
Cal